in base 16?
7d53
Convert -879 (base 16) to base 15.
-999
2010 (base 11) to base 10
2673
-6396 (base 10) to base 13
-2bb0
3403 (base 5) to base 12
33a
2a3 (base 15) to base 12
423
-212102 (base 3) to base 10
-632
-227 (base 15) to base 3
-200001
Convert -1d9 (base 15) to base 10.
-429
What is -2242 (base 5) in base 13?
-1ba
Convert -1302 (base 6) to base 16.
-146
-29888 (base 11) to base 15
-c81a
-2a50 (base 12) to base 2
-1001101011100
What is -15f (base 16) in base 7?
-1011
What is 2012 (base 7) in base 6?
3115
-32146 (base 10) to base 12
-1672a
134a8 (base 12) to base 7
140423
What is cea3 (base 16) in base 12?
26743
What is -138 (base 13) in base 8?
-330
What is 25302 (base 7) in base 3?
100010220
101012222 (base 3) to base 12
438b
What is 112121 (base 3) in base 12?
28a
-5db2 (base 16) to base 3
-1012220101
-114 (base 14) to base 7
-424
Convert -2541a (base 11) to base 13.
-13783
What is 326 (base 7) in base 15?
b2
-3363 (base 11) to base 2
-1000101001001
Convert 1004114 (base 5) to base 7.
65053
Convert 200210 (base 3) to base 11.
421
What is 52532 (base 8) in base 15?
671a
Convert -9ef (base 16) to base 5.
-40133
Convert -1ce (base 16) to base 11.
-390
5309 (base 10) to base 15
188e
Convert -450b (base 16) to base 13.
-8078
-291 (base 10) to base 4
-10203
Convert 1211111 (base 3) to base 13.
7ba
-6a2 (base 13) to base 16
-47a
Convert 201 (base 6) to base 10.
73
What is 2011321 (base 5) in base 3?
1122000101
What is 27b (base 16) in base 2?
1001111011
What is 1011 (base 7) in base 5?
2401
Convert -12011 (base 5) to base 6.
-4025
65b0 (base 13) to base 14
5242
320514 (base 7) to base 16
d8b7
What is 30123012 (base 4) in base 5?
3112021
What is -111331 (base 4) in base 12?
-991
a53 (base 16) to base 7
10464
Convert 1d1e (base 16) to base 15.
231e
b90 (base 14) to base 11
1795
What is -1226 (base 7) in base 13?
-296
Convert -1c080 (base 13) to base 11.
-38387
Convert 134062 (base 7) to base 13.
b75b
What is 13ac7 (base 15) in base 5?
4010222
Convert -4564 (base 8) to base 13.
-1142
5109 (base 12) to base 14
32c1
What is 2513 (base 8) in base 15?
605
What is 7431 (base 13) in base 9?
24063
Convert 125411 (base 7) to base 3.
1012021102
Convert 20101 (base 3) to base 14.
c4
Convert 600 (base 8) to base 12.
280
Convert -321123 (base 4) to base 16.
-e5b
What is 837 (base 10) in base 13?
4c5
What is -3af0 (base 16) in base 14?
-56da
Convert -880b (base 12) to base 15.
-4692
-283 (base 15) to base 2
-1000111101
-8b1b (base 16) to base 10
-35611
What is 321404 (base 5) in base 13?
4c2c
Convert 162 (base 8) to base 12.
96
Convert -281b (base 13) to base 8.
-13212
What is 96 (base 10) in base 3?
10120
-25166 (base 9) to base 4
-10020030
Convert 200 (base 4) to base 13.
26
Convert de2 (base 15) to base 16.
c41
-110000010100 (base 2) to base 16
-c14
What is -6c (base 16) in base 8?
-154
4bf (base 16) to base 10
1215
233223 (base 4) to base 13
1509
Convert 1438 (base 14) to base 6.
24322
44411 (base 5) to base 7
12025
-7051 (base 9) to base 8
-12035
What is -221023 (base 4) in base 15?
-baa
What is 1375 (base 11) in base 13?
a68
-15a7 (base 13) to base 9
-4322
What is -1021 (base 9) in base 16?
-2ec
1313000 (base 4) to base 11
57a4
Convert -2322 (base 4) to base 7.
-354
Convert 1467 (base 14) to base 8.
7043
Convert -325 (base 6) to base 11.
-104
15512 (base 10) to base 11
10722
What is 598 (base 12) in base 6?
3512
-101100010110 (base 2) to base 6
-21050
2682 (base 16) to base 8
23202
Convert 6515 (base 8) to base 9.
4603
What is 13600 (base 7) in base 2?
111010001100
-248 (base 11) to base 9
-356
What is -18066 (base 9) in base 11?
-93a1
Convert 10001020 (base 3) to base 14.
b48
Convert -121112121 (base 3) to base 12.
-6b8a
-2306 (base 8) to base 10
-1222
5042 (base 9) to base 4
321203
-58157 (base 9) to base 12
-1a52a
11480 (base 9) to base 2
1111000000110
-2888 (base 14) to base 2
-1110000001000
What is -1001010101 (base 2) in base 12?
-419
What is b2a8 (base 14) in base 9?
46127
What is 296 (base 10) in base 9?
358
What is -124146 (base 8) in base 10?
-43110
Convert -3002 (base 8) to base 5.
-22123
Convert 736 (base 12) to base 11.
875
Convert 3a8 (base 13) to base 10.
645
What is 133504 (base 7) in base 8?
61310
What is -10506 (base 8) in base 16?
-1146
What is -88 (base 10) in base 13?
-6a
Convert -241 (base 13) to base 8.
-607
What is 57 (base 9) in base 6?
124
Convert 167045 (base 8) to base 10.
60965
-110334 (base 5) to base 13
-1999
What is 30320131 (base 4) in base 8?
147035
-114 (base 16) to base 6
-1140
Convert -409 (base 11) to base 4.
-13231
Convert 7600 (base 12) to base 16.
32a0
What is -7b7 (base 16) in base 7?
-5521
-585 (base 13) to base 8
-1672
What is 384 (base 12) in base 14?
2a0
18041 (base 9) to base 12
723a
3423 (base 7) to base 5
14432
101 (base 15) to base 14
122
Convert -1246 (base 13) to base 4.
-220201
What is 5572 (base 9) in base 13?
1b47
10032 (base 4) to base 7
534
-aab2 (base 15) to base 10
-36167
-41404 (base 5) to base 16
-aa9
What is 266a (base 13) in base 15?
1966
10100111101100 (base 2) to base 14
3ca8
What is 1b2 (base 16) in base 6?
2002
What is 380b (base 13) in base 8?
17422
2341 (base 15) to base 7
30553
Convert -66c (base 14) to base 7.
-3465
Convert 14331 (base 5) to base 14.
62c
Convert 6175 (base 10) to base 2.
1100000011111
25010 (base 6) to base 11
2844
Convert -1111100010 (base 2) to base 13.
-5b6
What is 13 (base 15) in base 16?
12
-2211 (base 4) to base 5
-1130
-11001 (base 2) to base 5
-100
What is 316 (base 11) in base 16?
17c
What is 6426 (base 14) in base 4?
10032002
What is -100101101101101 (base 2) in base 15?
-5ac4
Convert 1011111000000110 (base 2) to base 9.
73651
What is 10320 (base 7) in base 15?
b5c
4a4 (base 11) to base 7
1513
Convert -4001 (base 8) to base 11.
-15a3
Convert 74a6 (base 12) to base 13.
5a96
What is 5c48 (base 13) in base 14?
4a9b
Convert -436 (base 7) to base 16.
-df
What is -151325 (base 6) in base 11?
-aa70
6131 (base 13) to base 3
200100222
-887 (base 15) to base 11
-14a2
Convert 39a25 (base 11) to base 8.
157463
Convert -205 (base 12) to base 3.
-101212
What is 51502 (base 6) in base 4?
1223132
What is -115337 (base 8) in base 6?
-503315
What is b66a (base 14) in base 13?
11417
-1348 (base 13) to base 15
-c44
Convert 1110010 (base 2) to base 13.
8a
Convert 523 (base 7) to base 9.
321
What is -5331 (base 8) in base 16?
-ad9
Convert 1000000000 (base 2) to base 6.
2212
Convert -622 (base 11) to base 8.
-1356
1133210 (base 5) to base 7
115246
Convert 14165 (base 8) to base 3.
22120220
-a4 (base 16) to base 4
-2210
Convert -db42 (base 15) to base 9.
-70588
Convert -416d (base 14) to base 2.
-10110000000101
Convert -49 (base 11) to base 8.
-65
What is 112100 (base 7) in base 15?
5d98
Convert 12331 (base 4) to base 15.
1ea
What is -c45 (base 15) in base 14?
-1017
-201000 (base 3) to base 4
-20001
What is 60 (base 11) in base 8?
102
Convert -12113 (base 5) to base 3.
-1020122
-2365 (base 7) to base 13
-529
4159 (base 10) to base 11
3141
14621 (base 9) to base 10
9982
What is 6541 (base 7) in base 5?
33312
Convert 111121021 (base 3) to base 4.
2122330
-100110110001 (base 2) to base 8
-4661
What is 952 (base 10) in base 11?
796
What is 35f3 (base 16) in base 2?
11010111110011
Convert 13a9 (base 15) to base 14.
1769
-626 (base 13) to base 5
-13141
-21204 (base 5) to base 9
-1857
Convert a8 (base 11) to base 5.
433
What is -18195 (base 10) in base 8?
-43423
Convert -11525 (base 13) to base 11.
-21849
What is -302253 (base 6) in base 11?
-16a26
Convert -10000000000 (base 2) to base 3.
-1101221
-11001100 (base 3) to base 2
-101110001000
Convert -100100101100100 (base 2) to base 6.
-222552
Convert -10201000001 (base 3) to base 15.
-16901
421 (base 5) to base 2
1101111
-1110000010 (base 3) to base 13
-cc33
What is -11111000101 (base 2) in base 6?
-13113
What is 476d (base 15) in base 9?
22734
4312 (base 7) to base 13
907
Convert 39a2 (base 12) to base 2.
1100111001010
Convert -112111121 (base 3) to base 8.
-24515
Convert 339a (base 11) to base 12.
2701
What is -951 (base 13) in base 9?
-2153
What is -1837 (base 10) in base 11?
-1420
What is 97 (base 14) in base 12?
b1
-33b (base 16) to base 9
-1118
Convert -913 (base 10) to base 5.
-12123
Convert 408 (base 13) to base 3.
221100
